{"id":101,"date":"2018-12-26T13:09:34","date_gmt":"2018-12-26T13:09:34","guid":{"rendered":"http:\/\/labiennoise.ch\/?page_id=101"},"modified":"2024-05-14T20:09:45","modified_gmt":"2024-05-14T20:09:45","slug":"comite","status":"publish","type":"page","link":"http:\/\/labiennoise.ch\/?page_id=101","title":{"rendered":"Comit\u00e9"},"content":{"rendered":"<p>Pr\u00e9sident :<br \/>\nSteve Lauper<br \/>\nEmail : steve.lauper.pet@gmail.com<\/p>\n<p>Vice-Pr\u00e9sidente :<br \/>\nAnne-Sophie Lauper<\/p>\n<p>Secr\u00e9taire :<br \/>\nIsabelle Cataldo Geiser<\/p>\n<p>Caissi\u00e8re :<br \/>\nAd. int\u00e9rim Monique Lauper<\/p>\n<p>Chef technique :<br \/>\nMichel Barthe<\/p>\n<p>Assesseur :<br \/>\nYves Forestier<\/p>\n<p>Assesseur :<br \/>\nDaniel Geiser<\/p>\n","protected":false},"excerpt":{"rendered":"<p>Pr\u00e9sident : Steve Lauper Email : steve.lauper.pet@gmail.com Vice-Pr\u00e9sidente : Anne-Sophie Lauper Secr\u00e9taire : Isabelle Cataldo Geiser Caissi\u00e8re : Ad. int\u00e9rim Monique Lauper Chef technique : Michel Barthe Assesseur : Yves Forestier Assesseur : Daniel Geiser<\/p>\n","protected":false},"author":1,"featured_media":0,"parent":0,"menu_order":0,"comment_status":"closed","ping_status":"closed","template":"","meta":{"ngg_post_thumbnail":0},"_links":{"self":[{"href":"http:\/\/labiennoise.ch\/index.php?rest_route=\/wp\/v2\/pages\/101"}],"collection":[{"href":"http:\/\/labiennoise.ch\/index.php?rest_route=\/wp\/v2\/pages"}],"about":[{"href":"http:\/\/labiennoise.ch\/index.php?rest_route=\/wp\/v2\/types\/page"}],"author":[{"embeddable":true,"href":"http:\/\/labiennoise.ch\/index.php?rest_route=\/wp\/v2\/users\/1"}],"replies":[{"embeddable":true,"href":"http:\/\/labiennoise.ch\/index.php?rest_route=%2Fwp%2Fv2%2Fcomments&post=101"}],"version-history":[{"count":5,"href":"http:\/\/labiennoise.ch\/index.php?rest_route=\/wp\/v2\/pages\/101\/revisions"}],"predecessor-version":[{"id":562,"href":"http:\/\/labiennoise.ch\/index.php?rest_route=\/wp\/v2\/pages\/101\/revisions\/562"}],"wp:attachment":[{"href":"http:\/\/labiennoise.ch\/index.php?rest_route=%2Fwp%2Fv2%2Fmedia&parent=101"}],"curies":[{"name":"wp","href":"https:\/\/api.w.org\/{rel}","templated":true}]}}